4. Let u be f(-4). What is the greatest common factor of 711 and u?
79
Let l = -34 + 46. Let z be l*((-2)/8)/(-1). Suppose -3*n = 6*k - 3*k - 615, n - 615 = -z*k. Calculate the highest common divisor of k and 41.
41
Let s = 370 - 687. Let v = s - -492. Calculate the highest common factor of v and 100.
25
Let m(y) = -300*y + 103. Let k be m(-20). Calculate the highest common divisor of k and 68.
17
Let u(i) = i**3 - 7*i**2 - 42*i + 346. Let n be u(7). Calculate the highest common divisor of n and 3510.
26
Let u(o) = o - 22. Let x be u(27). Suppose -n - 8 = -x*n. Let d be 5/10 + 71/n. Calculate the greatest common divisor of 9 and d.
9
Let i(v) = v + 73. Suppose -h = a - 21, 3*a = 13*h - 15*h + 45. Let w be i(h). Calculate the highest common divisor of w and 21.
7
Let c(i) = -13*i**3 + 92*i**2 - 6*i + 15. Let u be c(7). What is the highest common divisor of u and 2464?
22
Let h be 2 + -2 + -205*(-13)/65. Calculate the greatest common factor of 9266 and h.
41
Let k = 648 - 636. Let s be (8/26)/(k/78). Calculate the greatest common factor of 226 and s.
2
Let w be -2 + (12 + 1)/1. Let n be 2/(-8) + 594/72. Let a be 7*-11*(n - 9). Calculate the greatest common divisor of a and w.
11
Let n be 4*1/14 + (-498)/(-21). Let s = n - 33. Let b(a) = -9*a - 18. Let i be b(s). What is the greatest common factor of i and 42?
21
Suppose -4*t - 3*n + 8 = 0, t + 2*n + 3*n - 2 = 0. Suppose a - 58 = -5*i, -t*i + 124 = 5*a - 189. What is the greatest common factor of a and 105?
21
Let u = 78 + 9. Suppose 0 = 29*g - 775 - 66. What is the greatest common factor of u and g?
29
Suppose l + 5 = 0, 2*q + 4*l = -l - 11. Let t = -169 + 172. What is the highest common factor of t and q?
1
Let n = 17595 + -17189. Calculate the greatest common divisor of n and 1386.
14
Let w(a) be the second derivative of a**4/4 + 15*a**3/2 - 21*a**2 - 4*a - 5. Let c be w(-21). What is the greatest common divisor of c and 84?
84
Suppose -i - 5*i + 252 = 0. Let q(f) = -f**3 + 4. Let s be q(0). Suppose 5*m = -h + 43, 5*m - 2*m - 121 = -s*h. Calculate the greatest common factor of h and i.
14
Let u = 94 + -46. What is the highest common divisor of 7536 and u?
48
Let w be (-4)/1 + 46/1. Let b(d) = d**2 + 8*d - 401. Let j be b(-27). What is the greatest common divisor of j and w?
14
Let j(f) = -24*f - 70. Suppose 5*i + 3*s = 0, -2*i - s + 4 = 5. Let l be j(i). What is the highest common divisor of 19 and l?
1
Let h be (51/4)/(-14 + 1610/112). Suppose 2*u + 178 = 4*s + 50, -4*s = 5*u - 156. Let d = -17 + s. Calculate the highest common divisor of h and d.
17
Let o = -231 + 299. Suppose 81 = o*c - 65*c. Calculate the highest common factor of c and 189.
27
Suppose -q + 1 + 8 = 0. Let r be 8/10 + -6*(-2)/(-15). Suppose r = -3*a + 33 + 48. Calculate the highest common factor of a and q.
9
Let m = 39 - 28. Let x be ((-8)/(-16)*-2)/((-1)/11). Suppose -155 - 450 = -x*c. What is the highest common factor of m and c?
11
Let c be (-22)/(10 + 1863/(-184)). Let s be (-7)/35 - 56/(-5). What is the highest common divisor of c and s?
11
Suppose 3*u = 2*r - 421, 0 = -r + 355*u - 357*u + 193. Calculate the highest common divisor of r and 87.
29
Let u(j) be the third derivative of j**5/10 - j**4/8 + j**3 + j**2 - 4*j. Let y be u(2). Calculate the highest common divisor of y and 3.
3
Let g(d) = -15*d + 123. Let s be g(17). Let u be (-682)/8 + (-2)/(-8). Let y = u - s. What is the greatest common divisor of y and 235?
47
Let v(g) = 2*g + 48. Let n be v(10). Suppose 44*w + 170 = 54*w. What is the highest common factor of w and n?
17
Suppose 78*q - 6*v = 82*q + 16, -5*q + 5*v = -80. Let f = 13 + 59. What is the greatest common factor of q and f?
8
Let i = 24 + -9. Let p be 1*(-7)/(-21)*i. What is the greatest common divisor of 220 and p?
5
Let a be (-2)/((-1)/((-14)/4)). Let s(p) = p**3 + 7*p**2 - p + 8. Let j be s(a). Suppose 778 = 45*n - 93 - 1154. What is the highest common divisor of j and n?
15
Suppose 0 = n + a - 2995, -9986 + 3986 = -2*n - 4*a. Suppose -n = -32*k + 22*k. Calculate the greatest common divisor of 23 and k.
23
Let i = 130 - 74. Let v = -99 + 120. What is the greatest common divisor of i and v?
7
Suppose 0 = -4*x - 16, 2*l - 4*x + 8*x = -1812. Let v = l - -925. Let f = 74 - -34. What is the highest common divisor of f and v?
27
Let n = -157 - -110. Suppose 39*m + m = 2000. Let l = n + m. Calculate the greatest common factor of 15 and l.
3
Suppose a = 3*a + 74. Let u = -17 - a. Let c = 578 + -573. What is the greatest common factor of c and u?
5
Suppose 0 = 3*g + 2*d - 222 - 118, -2*d = -3*g + 344. Suppose -2*o - c + 947 = 3*o, -199 = -o + 3*c. What is the highest common factor of g and o?
38
Suppose 2*q = 187 + 901. Calculate the greatest common divisor of 408 and q.
136
Suppose -9*i - 49*i = -2565 - 47373. What is the greatest common divisor of 77 and i?
7
Suppose 35 = 2*b - 5. Suppose 68*m = 70*m + 8, o + 6 = -2*m. Calculate the highest common factor of b and o.
2
Let u be -1*((15 - 7) + -3)*-57. Calculate the highest common divisor of 240 and u.
15
Suppose -41 = -2*j - x, 13 = -5042*j + 5044*j + 5*x. Calculate the greatest common divisor of 654 and j.
6
Let m be 2 - -1 - (-15*(-8)/(-24) + -209). What is the greatest common divisor of 713 and m?
31
Suppose 0 = 9*m + 7646 - 9266. Calculate the highest common divisor of 1140 and m.
60
Suppose 267 = 3*m - 3*u, -2*m - 3*u = -u - 202. What is the highest common factor of 9120 and m?
95
Let r = -2213 + 21692. What is the greatest common divisor of 43 and r?
43
Suppose 3*k - 671 = 2*k - 3*o, -3*o - 1977 = -3*k. Suppose 94 = 9*v - k. What is the highest common divisor of 63 and v?
21
Let j = -232 + 152. Let f = 312 + j. Suppose 0 = 10*y - 6*y - f. What is the highest common divisor of 87 and y?
29
Let y(m) = 1438*m - 18. Let r be y(4). Calculate the highest common divisor of 94 and r.
94
Suppose -u = -5*z + 5202, 83*u = -z + 87*u + 1048. Calculate the greatest common divisor of 3250 and z.
130
Suppose 5*v = -3*d + 1348, -6*d + 1943 = -3*v - 766. Let i(k) = 9*k**2 - 4*k - 3. Let a be i(-2). Calculate the greatest common divisor of d and a.
41
Let r(s) = 38*s**3 + 5*s**2 - 15*s + 11. Let m be r(2). What is the highest common divisor of m and 1098?
61
Let z be (-283 - -1)/(126/(-84)). What is the highest common factor of z and 470?
94
Suppose -25*l - 65*l = -17*l - 2409. What is the highest common factor of 3883 and l?
11
Let u be ((-1848)/(-110))/(7 + 622/(-90)). Let z be -4*1 + 3 + 8. What is the highest common divisor of u and z?
7
Let x(s) = 26*s + 1871. Let h be x(-24). Calculate the highest common factor of h and 87.
29
Let w be (-10)/(2 - 52/25). Suppose 3*z - 16*i = -11*i - 276, -4*z - 5*i - 403 = 0. Let o = z + w. What is the greatest common divisor of o and 28?
28
Suppose 0 = 2*p - 0*p. Suppose -t - 7 + 45 = p. Let g(m) = 4*m**2 + 85*m - 309. Let k be g(4). Calculate the greatest common divisor of k and t.
19
Let n = 3254 - 3251. Calculate the greatest common divisor of n and 107.
1
Let c = 3 + -6. Let s(f) = f**2 - 8*f - 4. Let l be s(c). Calculate the highest common factor of l and 87.
29
Let u be -1 + (-4 - -3) + 2. Let p = -452 + 465. Suppose -2*b - p + 37 = u. Calculate the highest common factor of 204 and b.
12
Let u(s) = 2*s**3 + 11*s**2 - 7*s. Let p = -309 - -304. Let x be u(p). Suppose 3*i = -2*i + 100. What is the greatest common divisor of x and i?
20
Let g be ((-23290)/(-680))/(2/270) + 2/8. What is the highest common divisor of g and 272?
272
Suppose 237 = 5*u - 2*o, -u + 4*o + 16 = -53. What is the greatest common factor of u and 387?
9
Let d be (25 - 24)*(0 - -1)*(0 - -22). What is the greatest common factor of 2794 and d?
22
Let v be 2 + -5 - (20/4 + -8) - -256. Calculate the highest common divisor of v and 2752.
64
Let w be (-28)/(-6)*3 - 1. Let r = w - 4. Suppose 26 = o + 2*k, 235*o = 237*o - 5*k - 16. What is the highest common divisor of r and o?
9
Suppose 87 = 3*g - 3*i, 143 = 4*g - i + 6*i. Suppose k - 1485 = -g*k. Suppose 3*l = 108 + 72. What is the highest common factor of k and l?
15
Let w(j) = 170*j + 737. Let r be w(-4). Let f be 36/(-16) + 3/12. Let s(k) = 11*k**2 + 4*k + 2. Let a be s(f). What is the highest common factor of r and a?
19
Suppose -6 = -c + 2. Let x(n) = n**3 - 6*n**2 - 14*n + 29. Let w be x(c). What is 